
In base 4, what is 2120 + -1100122?
-1032002
In base 5, what is -333331 - -32?
-333244
In base 6, what is 5 + -11120201?
-11120152
In base 5, what is 2 - -311?
313
In base 10, what is 185 - 524?
-339
In base 7, what is 351 - -40?
421
In base 15, what is 3 + -27c2c?
-27c29
In base 8, what is -423056 - -4?
-423052
In base 2, what is 110001 + -1110010101?
-1101100100
In base 8, what is -260 - 246?
-526
In base 12, what is 2366a3 - -1?
2366a4
In base 5, what is 13143023 + -11?
13143012
In base 2, what is 10001 - -11111010001?
11111100010
In base 12, what is -4 + -a059?
-a061
In base 3, what is -2011102 - 200?
-2012002
In base 5, what is 1411312 + 13?
1411330
In base 4, what is 1310122 - -302?
1311030
In base 9, what is 31813 + 52?
31865
In base 7, what is -656 - -2525?
1536
In base 2, what is 1001101100 - -10111?
1010000011
In base 3, what is -12 + 20110001022?
20110001010
In base 15, what is 62daa + 4?
62dae
In base 13, what is 4a685 - -10?
4a695
In base 4, what is -1023 + -200000?
-201023
In base 8, what is 2746 + -2263?
463
In base 7, what is 3 - -314543?
314546
In base 11, what is -166 - 1144?
-12aa
In base 13, what is 5ac8a - -3?
5ac90
In base 11, what is -a5270 - 5?
-a5275
In base 13, what is a5a01 - -5?
a5a06
In base 3, what is -220 + -212111?
-220101
In base 15, what is 9 - 193c3?
-193b9
In base 3, what is 210010111200 - -2?
210010111202
In base 7, what is -100606 + 2?
-100604
In base 11, what is -14 - 1a4861?
-1a4875
In base 13, what is 909 - 66b?
26b
In base 2, what is -1000011001 - 11111?
-1000111000
In base 2, what is -1 - 110000000011111010101?
-110000000011111010110
In base 2, what is 110011101101011110 + 0?
110011101101011110
In base 14, what is 3587b + -c?
3586d
In base 9, what is 5 - -1085582?
1085587
In base 8, what is 3526623 - -2?
3526625
In base 8, what is -6422 + 256?
-6144
In base 7, what is -641 - -56452?
55511
In base 8, what is -6 + 311?
303
In base 11, what is 3978 - -209?
4086
In base 9, what is 4 - -1078855?
1078860
In base 5, what is -124420310 - -1?
-124420304
In base 9, what is 1713017 + 0?
1713017
In base 16, what is a + 336b?
3375
In base 10, what is 15 + 433?
448
In base 7, what is -3253220 + -2?
-3253222
In base 11, what is -18880 + -18?
-18898
In base 11, what is -5 + -73847?
-73851
In base 16, what is -81 + 399?
318
In base 10, what is 7 + -472?
-465
In base 13, what is -31 + 698?
667
In base 7, what is 141634 + -111?
141523
In base 5, what is 1 - -131103?
131104
In base 10, what is 2 - 15842?
-15840
In base 13, what is -836a3b + -4?
-836a42
In base 7, what is -31 - -11154?
11123
In base 9, what is -2247 - 17?
-2265
In base 9, what is 2 - -4103803?
4103805
In base 8, what is 5 - -774362?
774367
In base 6, what is -312431 + 4?
-312423
In base 15, what is 9 + -3b9?
-3b0
In base 8, what is 10 - -6642?
6652
In base 2, what is 0 + -1100000010110011?
-1100000010110011
In base 3, what is 2110 + 211012?
220122
In base 13, what is -192534 - 5?
-192539
In base 14, what is -30b + -cd?
-3da
In base 3, what is 2 + 20001122102?
20001122111
In base 15, what is 9 - 71d?
-714
In base 12, what is 20115 + -2?
20113
In base 4, what is -312 - -322113?
321201
In base 8, what is -5 - -20016?
20011
In base 11, what is -23 - -12610?
12598
In base 15, what is ea38a - 0?
ea38a
In base 5, what is -3 + -411111?
-411114
In base 9, what is -8 - -33261?
33252
In base 3, what is -1 + -111212100021?
-111212100022
In base 9, what is 1 - 4323?
-4322
In base 7, what is 1212 - 114?
1065
In base 3, what is -2002222 + -1120220?
-10200212
In base 15, what is -6e - -6741?
66c2
In base 14, what is -12037 + -28?
-12061
In base 5, what is -10 + -34142?
-34202
In base 10, what is 2 - -344166?
344168
In base 14, what is -10b358 + 5?
-10b353
In base 11, what is -56aa6a - -1?
-56aa69
In base 8, what is 2114 + -5201?
-3065
In base 9, what is 2 - 204276?
-204274
In base 15, what is -4 + -46ea1?
-46ea5
In base 7, what is 200351 - 105?
200243
In base 12, what is 1 - 336135?
-336134
In base 4, what is 10 - -333303?
333313
In base 3, what is -22110220 - -20?
-22110200
In base 11, what is 9259 - -143?
93a1
In base 11, what is -2 + 10215?
10213
In base 7, what is 141 - 4605?
-4434
In base 16, what is b4 + -1db?
-127
In base 8, what is -131 - -122034?
121703
In base 16, what is 6e + 64e9?
6557
In base 6, what is -11 + -412455?
-412510
In base 15, what is -62 - 488?
-4ea
In base 6, what is -222 - 131400?
-132022
In base 7, what is 1020033 - 14?
1020016
In base 3, what is 10 - -22202200121?
22202200201
In base 4, what is -1 + 31221223?
31221222
In base 16, what is 8 - -e29?
e31
In base 6, what is 14 + 15453?
15511
In base 2, what is -100011100111100110 + 1?
-100011100111100101
In base 16, what is 0 - -b967?
b967
In base 10, what is -1 - 8846?
-8847
In base 15, what is -50b5 - -3?
-50b2
In base 3, what is 20 - 2011202200?
-2011202110
In base 11, what is 2621963 - -5?
2621968
In base 12, what is -318812 - -4?
-31880a
In base 4, what is -10120321 + -11?
-10120332
In base 7, what is -1 - 2453464?
-2453465
In base 8, what is -1376 + 366?
-1010
In base 16, what is -d + 7fa?
7ed
In base 14, what is 7aa + -16?
794
In base 13, what is 12 - 54122?
-54110
In base 15, what is 2ad8 - 10?
2ac8
In base 7, what is -3 - 550645?
-550651
In base 2, what is 100101010110 + 1010111100?
110000010010
In base 14, what is 87699 + -4?
87695
In base 3, what is 1001112 - 100121?
200221
In base 11, what is -1454 + -27?
-1480
In base 8, what is 407 + 717?
1326
In base 16, what is -9 - abac4?
-abacd
In base 5, what is 3320 - -302?
4122
In base 8, what is 2026 - -26?
2054
In base 9, what is 3 + -18440?
-18436
In base 11, what is 11 + -144a2?
-14491
In base 3, what is 1111220210221 + 2?
1111220211000
In base 11, what is 1a + 5727a?
57299
In base 16, what is -159 - -6f?
-ea
In base 7, what is 6525526 + 1?
6525530
In base 3, what is -100 + -1121120?
-1121220
In base 16, what is -8e09 - -2?
-8e07
In base 9, what is 1567 - 2458?
-781
In base 13, what is c5c - -104?
1063
In base 15, what is 1c9e - 3a?
1c64
In base 15, what is 11 + -686d?
-685c
In base 6, what is 24230 - -5?
24235
In base 15, what is 3 + -e56?
-e53
In base 15, what is -6a1 - de?
-790
In base 7, what is 45 - -34?
112
In base 16, what is -45c - -e?
-44e
In base 4, what is 1300301320 - 2?
1300301312
In base 14, what is -3c5 + 3a?
-389
In base 5, what is -444 - -3302?
2303
In base 12, what is -8 - -342?
336
In base 14, what is -1c65c - 5?
-1c663
In base 15, what is 0 - -68e29?
68e29
In base 9, what is 2 + 21482?
21484
In base 16, what is -8 - -20287?
2027f
In base 8, what is -10 - -15734?
15724
In base 6, what is -20131450 + 5?
-20131441
In base 6, what is 3 - -1502?
1505
In base 8, what is -5 + -111754?
-111761
In base 3, what is 22201100 - 201?
22200122
In base 10, what is 40 + -1010?
-970
In base 11, what is 1 + 1a91a?
1a920
In base 9, what is -55044 - 55?
-55110
In base 3, what is 101100202011 + -120?
101100201121
In base 3, what is 1010200002 - 2?
1010200000
In base 6, what is -55225 - 1?
-55230
In base 10, what is -269 - -642?
373
In base 13, what is 2 - -6076?
6078
In base 2, what is 1111 - 1110101010?
-1110011011
In base 9, what is -1 - 4187?
-4188
In base 2, what is 110000110 - 100001000100?
-11010111110
In base 15, what is -1680a5 + 3?
-1680a2
In base 10, what is -4 + 94064?
94060
In base 12, what is ba - 129?
-2b
In base 4, what is -21110330 + 13?
-21110311
In base 9, what is -24 + -2211?
-2235
In base 8, what is 251 - 246?
3
In base 3, what is -1100111121 + 2?
-1100111112
In base 13, what is -19 - 3297?
-32b3
In base 7, what is 1420360 + -1?
1420356
In base 4, what is 2 + 30312?
30320
In base 12, what is a1 - -89ab?
8a90
In base 5, what is 31200 - 223?
30422
In base 4, what is -112 - 30000330?
-30001102
In base 3, what is 120021221010 + 12?
120021221022
In base 2, what is -101001 + -1100111101001?
-1101000010010
In base 4, what is -100030322 - -3?
-100030313
In base 10, what is 8 + 1676?
1684
In base 2, what is -100001011 + -1001011?
-101010110
In base 4, what is 1200 - -13300?
21100
In base 4, what is 3 - -13130103300?
13130103303
In base 8, what is -15100 + 6?
-15072
In base 16, what is -4 - -b586?
b582
In base 4, what is -10103132 - -11?
-10103121
In base 13, what is 0 - 43752?
-43752
In base 3, what is 1010010221 - 1101?
10